{"id":3,"date":"2008-03-31T17:49:53","date_gmt":"2008-03-31T15:49:53","guid":{"rendered":"http:\/\/www.mel.es\/?page_id=3"},"modified":"2020-09-22T18:29:56","modified_gmt":"2020-09-22T16:29:56","slug":"contact","status":"publish","type":"page","link":"https:\/\/www.mel.es\/?page_id=3","title":{"rendered":"Contact"},"content":{"rendered":"<p><strong>Tel.<\/strong>: +34 609 448 282<\/p>\n<p><strong>Fax.<\/strong>: +34 941 43 11 44<\/p>\n<p><strong>E-mail<\/strong>:\u00a0<a href=\"mailto:mel@mel.es\">mel@mel.es<\/a><\/p>\n<p><strong>Web<\/strong>:\u00a0<a title=\"Second Hand Canmaking Machinery - Maquinaria de Ocasion y Segunda Mano Para Envases Metalicos\" href=\"http:\/\/www.mel.es\">www.mel.es<\/a><\/p>\n<p>Pol\u00edgono Industrial El Sequero<\/p>\n<p>C. R\u00edo Alhama, 194<\/p>\n<p>26151 Arr\u00fabal (La Rioja)<\/p>\n<p>Spain<\/p>\n<p><iframe loading=\"lazy\" src=\"https:\/\/www.google.com\/maps\/embed?pb=!1m18!1m12!1m3!1d2945.1771396087584!2d-2.260534384361623!3d42.42396423905592!2m3!1f0!2f0!3f0!3m2!1i1024!2i768!4f13.1!3m3!1m2!1s0x0%3A0x15c248cdac134e49!2sMEL%20Canmaking%20Machinery!5e0!3m2!1ses!2ses!4v1600792156353!5m2!1ses!2ses\" width=\"600\" height=\"450\" frameborder=\"0\" style=\"border:0;\" allowfullscreen=\"\" aria-hidden=\"false\" tabindex=\"0\"><\/iframe><br \/>\n\n<div class=\"wpcf7 no-js\" id=\"wpcf7-f4305-o1\" lang=\"en-US\" dir=\"ltr\" data-wpcf7-id=\"4305\">\n<div class=\"screen-reader-response\"><p role=\"status\" aria-live=\"polite\" aria-atomic=\"true\"><\/p> <ul><\/ul><\/div>\n<form action=\"\/index.php?rest_route=%2Fwp%2Fv2%2Fpages%2F3#wpcf7-f4305-o1\" method=\"post\" class=\"wpcf7-form init\" aria-label=\"Contact form\" novalidate=\"novalidate\" data-status=\"init\">\n<fieldset class=\"hidden-fields-container\"><input type=\"hidden\" name=\"_wpcf7\" value=\"4305\" \/><input type=\"hidden\" name=\"_wpcf7_version\" value=\"6.1.5\" \/><input type=\"hidden\" name=\"_wpcf7_locale\" value=\"en_US\" \/><input type=\"hidden\" name=\"_wpcf7_unit_tag\" value=\"wpcf7-f4305-o1\" \/><input type=\"hidden\" name=\"_wpcf7_container_post\" value=\"0\" \/><input type=\"hidden\" name=\"_wpcf7_posted_data_hash\" value=\"\" \/>\n<\/fieldset>\n<p>Your Name (required)\n<\/p>\n<p><span class=\"wpcf7-form-control-wrap\" data-name=\"your-name\"><input size=\"40\" maxlength=\"400\" class=\"wpcf7-form-control wpcf7-text wpcf7-validates-as-required\" aria-required=\"true\" aria-invalid=\"false\" value=\"\" type=\"text\" name=\"your-name\" \/><\/span>\n<\/p>\n<p>Your Email (required)\n<\/p>\n<p><span class=\"wpcf7-form-control-wrap\" data-name=\"your-email\"><input size=\"40\" maxlength=\"400\" class=\"wpcf7-form-control wpcf7-email wpcf7-validates-as-required wpcf7-text wpcf7-validates-as-email\" aria-required=\"true\" aria-invalid=\"false\" value=\"\" type=\"email\" name=\"your-email\" \/><\/span>\n<\/p>\n<p>Subject\n<\/p>\n<p><span class=\"wpcf7-form-control-wrap\" data-name=\"your-subject\"><input size=\"40\" maxlength=\"400\" class=\"wpcf7-form-control wpcf7-text\" aria-invalid=\"false\" value=\"\" type=\"text\" name=\"your-subject\" \/><\/span>\n<\/p>\n<p>Your Message(required)\n<\/p>\n<p><span class=\"wpcf7-form-control-wrap\" data-name=\"your-message\"><textarea cols=\"40\" rows=\"10\" maxlength=\"2000\" class=\"wpcf7-form-control wpcf7-textarea wpcf7-validates-as-required\" aria-required=\"true\" aria-invalid=\"false\" name=\"your-message\"><\/textarea><\/span>\n<\/p>\n<p>Captcha field\n<\/p>\n<p><input type=\"hidden\" name=\"_wpcf7_captcha_challenge_captcha-457\" value=\"3890155271\" \/><img loading=\"lazy\" decoding=\"async\" class=\"wpcf7-form-control wpcf7-captchac wpcf7-captcha-captcha-457\" width=\"72\" height=\"24\" alt=\"captcha\" src=\"https:\/\/www.mel.es\/wp-content\/uploads\/wpcf7_captcha\/3890155271.png\" \/>\n<\/p>\n<p><span class=\"wpcf7-form-control-wrap\" data-name=\"captcha-457\"><input size=\"40\" class=\"wpcf7-form-control wpcf7-captchar\" autocomplete=\"off\" aria-invalid=\"false\" value=\"\" type=\"text\" name=\"captcha-457\" \/><\/span>\n<\/p>\n<p><input class=\"wpcf7-form-control wpcf7-submit has-spinner\" type=\"submit\" value=\"Send\" \/>\n<\/p><div class=\"wpcf7-response-output\" aria-hidden=\"true\"><\/div>\n<\/form>\n<\/div>\n<\/p>","protected":false},"excerpt":{"rendered":"<p>Tel.: +34 609 448 282 Fax.: +34 941 43 11 44 E-mail:\u00a0mel@mel.es Web:\u00a0www.mel.es Pol\u00edgono Industrial El Sequero C. R\u00edo Alhama, 194 26151 Arr\u00fabal (La Rioja) Spain<\/p>\n","protected":false},"author":1,"featured_media":0,"parent":0,"menu_order":3,"comment_status":"open","ping_status":"open","template":"","meta":{"footnotes":""},"class_list":["post-3","page","type-page","status-publish","hentry"],"jetpack_sharing_enabled":true,"jetpack_shortlink":"https:\/\/wp.me\/PeCNx-3","_links":{"self":[{"href":"https:\/\/www.mel.es\/index.php?rest_route=\/wp\/v2\/pages\/3","targetHints":{"allow":["GET"]}}],"collection":[{"href":"https:\/\/www.mel.es\/index.php?rest_route=\/wp\/v2\/pages"}],"about":[{"href":"https:\/\/www.mel.es\/index.php?rest_route=\/wp\/v2\/types\/page"}],"author":[{"embeddable":true,"href":"https:\/\/www.mel.es\/index.php?rest_route=\/wp\/v2\/users\/1"}],"replies":[{"embeddable":true,"href":"https:\/\/www.mel.es\/index.php?rest_route=%2Fwp%2Fv2%2Fcomments&post=3"}],"version-history":[{"count":47,"href":"https:\/\/www.mel.es\/index.php?rest_route=\/wp\/v2\/pages\/3\/revisions"}],"predecessor-version":[{"id":9633,"href":"https:\/\/www.mel.es\/index.php?rest_route=\/wp\/v2\/pages\/3\/revisions\/9633"}],"wp:attachment":[{"href":"https:\/\/www.mel.es\/index.php?rest_route=%2Fwp%2Fv2%2Fmedia&parent=3"}],"curies":[{"name":"wp","href":"https:\/\/api.w.org\/{rel}","templated":true}]}}